common divisor of 42717402 and 2639.
91
Calculate the highest common divisor of 292 and 15589223.
73
What is the greatest common divisor of 138 and 1692648982?
46
Calculate the greatest common factor of 30947009 and 329.
47
What is the greatest common divisor of 93843 and 72?
9
What is the greatest common factor of 851 and 685980?
37
Calculate the greatest common divisor of 15 and 761355.
15
What is the highest common divisor of 10786950 and 7200?
450
Calculate the greatest common factor of 670641048 and 144.
72
Calculate the highest common factor of 43422399 and 243.
243
Calculate the highest common factor of 31821452 and 2106.
26
What is the highest common divisor of 28246372 and 10548?
1172
Calculate the greatest common factor of 4844760 and 536.
8
What is the greatest common factor of 78622 and 46?
2
Calculate the highest common divisor of 8283 and 432971737.
2761
Calculate the greatest common factor of 43829552 and 260.
52
What is the highest common factor of 10322613 and 10017?
189
What is the highest common factor of 18676440 and 14?
2
Calculate the greatest common factor of 24 and 3839096.
8
Calculate the greatest common factor of 7756074 and 171.
9
What is the highest common divisor of 4872 and 153896?
8
What is the highest common factor of 666 and 115398819?
333
Calculate the greatest common factor of 809865 and 77490.
945
Calculate the highest common factor of 6009600 and 525.
75
What is the greatest common divisor of 58 and 43118447?
29
What is the highest common divisor of 20087448 and 1776?
888
What is the highest common factor of 323627 and 4009?
19
What is the highest common divisor of 3960271 and 55279?
1043
What is the highest common divisor of 63291547 and 33?
11
Calculate the highest common divisor of 582668 and 232174.
58
What is the greatest common divisor of 280 and 15366190?
70
What is the greatest common divisor of 694075 and 6425?
25
Calculate the highest common divisor of 4257 and 46556917.
473
Calculate the greatest common factor of 110386418 and 86.
86
What is the greatest common factor of 1971043 and 2929?
29
Calculate the greatest common factor of 84779274 and 24.
6
What is the highest common factor of 781854 and 534?
6
Calculate the greatest common divisor of 16 and 914036.
4
What is the greatest common factor of 860929480 and 30?
10
Calculate the greatest common factor of 10371 and 415873643.
3457
Calculate the greatest common divisor of 173239 and 1408.
11
What is the highest common factor of 9672441 and 12270?
1227
What is the highest common factor of 11628 and 1811916?
684
What is the highest common factor of 23630 and 19529500?
1390
What is the greatest common factor of 968243 and 20378348?
9049
Calculate the greatest common divisor of 540084 and 2676.
12
What is the greatest common divisor of 3506050 and 600?
50
What is the greatest common factor of 4545924 and 1015?
29
Calculate the highest common divisor of 55990233 and 1534.
767
What is the highest common divisor of 20336 and 6859587?
1271
What is the highest common divisor of 1403796 and 51794?
1786
Calculate the greatest common divisor of 1328795 and 6565.
65
What is the highest common divisor of 118 and 391930864?
118
Calculate the highest common factor of 998492 and 15972.
484
Calculate the highest common factor of 204318488 and 616.
88
What is the greatest common factor of 10410431 and 2923?
37
What is the greatest common divisor of 1504 and 12462191?
47
What is the highest common divisor of 8671650 and 9250?
50
Calculate the highest common divisor of 54465144 and 72.
24
What is the highest common factor of 519790620 and 123?
123
What is the highest common factor of 1404 and 91675818?
234
Calculate the greatest common divisor of 42878556 and 154.
14
Calculate the highest common factor of 72457740 and 40.
20
What is the greatest common factor of 5229462 and 1157?
89
What is the greatest common divisor of 57551460 and 578?
578
Calculate the highest common divisor of 854922 and 21534.
222
What is the highest common factor of 1401435 and 6237?
189
Calculate the highest common divisor of 39440196 and 108.
108
What is the highest common divisor of 8733186 and 2247?
21
What is the greatest common factor of 143 and 260967382?
13
Calculate the highest common factor of 10283 and 7581.
7
Calculate the highest common divisor of 125 and 34999625.
125
What is the highest common factor of 568661 and 4495?
29
What is the greatest common divisor of 330 and 11777634?
66
Calculate the greatest common factor of 42 and 5952646.
14
What is the highest common divisor of 333015 and 894?
447
Calculate the highest common factor of 87467 and 940.
47
What is the highest common factor of 4177334 and 7714?
406
What is the highest common factor of 935 and 1467031830?
935
What is the greatest common factor of 104082 and 1745568?
1254
Calculate the greatest common divisor of 5504 and 832672.
32
What is the highest common factor of 124 and 495101?
31
Calculate the greatest common factor of 27359359 and 5925.
79
What is the highest common divisor of 61975 and 370?
185
What is the highest common factor of 3337 and 155993?
47
What is the greatest common factor of 8031837 and 4170?
417
Calculate the greatest common divisor of 706650 and 327390.
210
What is the greatest common factor of 746 and 1418973314?
746
What is the greatest common divisor of 2230711 and 688?
43
What is the highest common divisor of 2040153498 and 207?
207
Calculate the highest common factor of 2051924 and 63916.
2204
What is the greatest common factor of 29623 and 17149?
11
What is the greatest common factor of 8759309 and 39?
13
Calculate the highest common divisor of 10130684 and 12172.
716
What is the greatest common factor of 4961 and 3816703?
121
Calculate the highest common divisor of 85 and 263286395.
85
What is the highest common divisor of 492380616 and 1498?
1498
What is the highest common factor of 503255088 and 42?
42
What is the greatest common divisor of 15983913 and 132?
33
What is the greatest common divisor of 156 and 396730698?
78
Calculate the highest common divisor of 3495349 and 88.
11
What is the highest common factor of 74070 and 3487050?
90
Calculate the greatest common divisor of 2856777 and 21009.
447
Calculate the highest common factor of 280018 and 486.
2
What is the highest common divisor of 31798 and 23062?
26
Calculate the highest common divisor of 705185 and 130.
65
What is the highest common divisor of 13006 and 7467302?
1858
What is the greatest common factor of 53225052 and 6896?
1724
Calculate the highest common divisor of 7104 and 15658548.
444
What is the greatest common factor of 19572873 and 1302?
93
Calculate the highest common factor of 12 and 11079102.
6
What is the highest common divisor of 1327842 and 39618?
1278
What is the greatest common factor of 827569 and 654919?
1151
Calculate the greatest common factor of 3933168 and 200.
8
What is the highest common factor of 85255983 and 171?
171
What is the highest common factor of 5676 and 222244?
44
What is the greatest common factor of 1837 and 85679?
11
What is the greatest common factor of 82287765 and 1596?
399
Calculate the highest common factor of 272838 and 4218.
222
What is the greatest common divisor of 1450 and 259705?
5
Calculate the highest common divisor of 105 and 181333495.
35
Calculate the greatest common factor of 7697 and 53931805.
179
Calculate the greatest common divisor of 37333366 and 42.
14
What is the greatest common factor of 6296290 and 13567190?
15470
Calculate the highest common divisor of 814983 and 39.
39
What is the highest common divisor of 399 and 11470319?
133
Calculate the highest common factor of 37808402 and 203.
29
Calculate the greatest common divisor of 500 and 91088.
4
Calculate the highest common divisor of 116 and 15249.
1
What is the highest common divisor of 6069872 and 5141?
97
What is the greatest common factor of 17484 and 2180292?
372
Calculate the highest common divisor of 55814 and 452188.
946
Calculate the greatest common factor of 94708513 and 68.
17
What is the greatest common divisor of 27540 and 649332?
612
Calculate the greatest common divisor of 175 and 14294900.
25
What is the highest common factor of 3988 and 35997682?
1994
What is the greatest common divisor